 = -2*y. Let k(f) = f**3 + 3*f**2 - 1. What is k(w)?
1
Suppose -a = -4*k - 6, 2*k + 7 = 2*a + 1. Suppose -2*w - 6*x = -a*x - 16, -3*w + 16 = 2*x. Let n(l) = -3*l - 2. Determine n(w).
-14
Suppose -63 = 32*p - 225 - 62. Let i(v) = -v**2 + 6*v - 8. Give i(p).
-15
Let t be (-8)/(-14)*7/2. Let i(c) = -1 + 3 + c + 6*c**t - 5*c**2 - 6*c. What is i(2)?
-4
Suppose -37*l - 475 = -18*l. Let w = 23 + -40. Let u = l - w. Let n(c) = c**2 + 10*c + 11. What is n(u)?
-5
Let n(w) = 2*w**2 - 14*w - 13. Let h be n(8). Let q = h - -1. Suppose 0 = 3*l - q*m + 1 - 0, 5*l + 3*m + 50 = 0. Let b(c) = 2*c + 5. Give b(l).
-9
Suppose -15*v = -10*v - 35. Let j(q) = 10*q**2 + 11*q - 10. Let o(p) = -7*p**2 - 7*p + 7. Let a(i) = v*o(i) + 5*j(i). Let m be 3 - -18*(-2)/4. Give a(m).
-1
Let t(r) be the third derivative of 13*r**4/24 - 23*r**3/3 + 3862*r**2. Give t(4).
6
Let w(k) = 7*k**2 + 17*k - 31. Let n(i) = 11*i**2 + 16*i - 18. Let q(s) = 2*n(s) - 3*w(s). Determine q(13).
-21
Let r(t) = -16*t + 11. Let i(k) = 4*k - 5*k + 4*k - 2. Let o(n) = -11*i(n) - 2*r(n). Let x(p) = 155*p + 7757. Let z be x(-50). Determine o(z).
-7
Let c(a) be the second derivative of -a**5/20 - a**4/12 + 11*a**3/6 + 8*a**2 - 324*a + 1. Calculate c(-3).
1
Let w(g) = -6*g**2 + g**2 + 1 + g**3 + 4*g - 3. Suppose 13*p + 3227 = -1193. Let k = 343 + p. Determine w(k).
-8
Let w(d) = -2 + 3 + d**3 + 7*d + 5 + 8*d**2. Let q = 22 + 27. Suppose -71*s = -78*s - q. What is w(s)?
6
Let i(x) = -x**2 + 12*x - 16. Let n be i(10). Let a(t) be the second derivative of -t**5/20 + t**4/4 + t**3 - 3*t**2/2 + t + 302. Determine a(n).
5
Suppose 0 = -2*u + d - 0*d + 3, 5 = d. Let v(y) = 2*y**3 - 3*y**2 + y - 6. Let i(j) = j**3 - j**2 - 3. Let z(f) = 7*i(f) - 4*v(f). Give z(u).
3
Let m(s) = -14*s**3 - 2*s + 1. Suppose 3*x + 2*o = 9, 4*x + 119*o - 118*o - 7 = 0. Determine m(x).
-15
Let m(h) = 5*h**2 + 2*h + 1. Suppose 4*b + 20 = 6*b. Suppose 12*c - b*c + 2 = 0. Give m(c).
4
Let m(o) = -47 + 5*o + 4*o + 11*o - 30*o + 12*o. What is m(0)?
-47
Suppose 0 = -2*m + 4*m + 2*k + 2, -5*m = -k - 13. Let f(z) = -z**2 + 0*z**2 + m*z**2 + 9 + 7*z + 0*z**2. What is f(-6)?
3
Let o(n) = -n**3 - 2*n**2 + 5*n + 2. Suppose 12*l - 13*l = -4*v - 15, 2*v - 5*l + 21 = 0. Determine o(v).
-4
Suppose -3*c = -c - 10. Let n(r) be the first derivative of -r**2 + 5*r - 254. Determine n(c).
-5
Let n be (9/(-6))/((-6)/(-16)). Let a(q) be the second derivative of -2/3*q**3 - 1/12*q**4 + 1/2*q**2 + 35*q + 0. Determine a(n).
1
Let y(v) = -2*v**2 - 26*v + 7. Let k(w) = -201*w - 415. Let s be k(-2). Give y(s).
7
Let n(r) = -r + 14. Let j(c) = c**3 - 7*c**2 + 5*c + 11. Let t be j(6). Let v be n(t). Let l(m) = -m + 6. What is l(v)?
-3
Let g(s) be the second derivative of -2*s**2 + 0*s**3 - 70*s - s**3 + 0*s**3 + 3*s**2. Determine g(1).
-4
Let m(i) = i**2 + 23*i + 44. Let j be m(-21). Let v(l) = 2*l + j*l - 4*l + 5 + 2*l. Calculate v(-4).
-3
Let o(y) = -y**3 - 11*y**2 - 10*y + 9. Suppose -7*l - 23*l = 300. Calculate o(l).
9
Let x(t) = -t**3 - 17*t**2 - 12*t + 37. Let z = 1597 - 1613. Calculate x(z).
-27
Let m(f) = -1 + 0 + 3*f - 3. Suppose -j + 76 = 69. Suppose 3*c - 50 = -j*c. Give m(c).
11
Let i(m) = -68593*m**3 + 24*m**2 - 31*m**2 + 15*m + 68592*m**3 - 18. Give i(-10).
132
Suppose 66*h - 244*h = 251*h - 7293. Let o(z) be the first derivative of 3*z**3 + h + 4*z**2 + 1/4*z**4 + 12*z. Give o(-8).
12
Let z(g) = -27*g - 13. Let l(o) = -61*o - 26. Let c(a) = -4*l(a) + 9*z(a). Let b be (57 - 2)*(-12)/10. Let q be b/(-9) + 2/(-6). Give c(q).
-6
Let l(k) be the second derivative of -k**5/20 - k**4/2 - 5*k**3/6 - 13*k. Let w be (-2)/8*2*8. Determine l(w).
-12
Let j be (-261)/(-21) + (-5 - 256/(-56)). Let r be j*(-5 + -1 + 5)*-1. Let q(m) = -2*m - 16. What is q(r)?
-40
Let j(w) be the third derivative of 0*w**3 - 32*w**2 + 0 - 7/6*w**4 - 1/360*w**6 + 0*w + 0*w**5. Let i(f) be the second derivative of j(f). Calculate i(-8).
16
Suppose 3*g - 51 = 4*i - 21, 1 = -g + 5*i. Let s(m) = -m + 22. Calculate s(g).
8
Let t(l) = l**2 + 17*l + 47. Let b be t(-14). Suppose 0*h + 15 = b*h. Let k(v) = h*v**2 + 7*v - v**2 + 1 + 2*v**2 - 5*v**2. Determine k(7).
1
Suppose -19*w = -3*w - 32. Let x(r) = 6 - 6*r + 28*r**2 - 20*r**2 - 7*r**w. What is x(5)?
1
Let x(n) = -2*n - 2. Let y be x(-2). Let p(b) = 3*b + b**y - b + 2 + 0. Suppose 40*o + 78 = 27*o. Give p(o).
26
Let x(u) = 2*u**2 + 2*u + 2. Let q(b) = -4*b**2 - 6*b - 7. Let y(w) = -2*q(w) - 7*x(w). Give y(1).
-8
Suppose -262 = -6*t + 3080. Suppose -25 + t = 4*z. Let k(u) = -9*u - 6*u**2 + z*u**3 + 124*u**3 - 256*u**3 + 6. What is k(7)?
-8
Suppose -4*x + x = -33. Let n(w) = -31*w + 5*w + 14*w + x*w + 9. Let c be n(7). Let j(o) = o**3 - o**2 - 2*o + 1. Determine j(c).
1
Let c(m) = -m**2 - 37*m - 115. Suppose 66 = -2*n + 2*o, 165 = 5*n - 10*n - o. Determine c(n).
17
Let t(r) = -2*r**2 - 14*r - 20. Let n be t(-5). Let h(b) = -2*b + 20. Let j(f) = -5. Let m(y) = -h(y) - 3*j(y). Calculate m(n).
-5
Let k(t) = -16*t**2 + t + 1. Let h be -11*14/(-231)*(-3)/2. Give k(h).
-16
Let i be 2/7 + 178/14. Let l(p) = -p**3 + 61*p**2 - 6*p + 8. Let q(c) = 2*c**3 - 130*c**2 + 13*c - 17. Let h(b) = -13*l(b) - 6*q(b). Calculate h(i).
-2
Let s(r) = -15*r + 22*r + r - 7*r + 2. Suppose -4*g = -0*y - 2*y + 2, -20 = 4*y. Let p = -3 - g. Give s(p).
2
Suppose 7 = 6*i - 17. Suppose -4 = -o - i*q, -32 + 76 = -5*o - 4*q. Let c(k) = -k**2 - 11*k + 17. What is c(o)?
5
Let h(o) = -3*o**3 - 2 - o - o**3 + 3. Let l = 232 - 225. Suppose 0 = 2*t - 9*t + l. What is h(t)?
-4
Let z(x) = -6*x**3 + 47*x**2 + 17*x - 75. Let o be z(8). Let t(d) = 2*d**2 - 10*d - 7. What is t(o)?
41
Let n(m) = -m - 2. Let o(c) = 2*c + 3. Let d(p) = 7*n(p) + 3*o(p). Let s(k) = -k**3 + 39*k**2 + 77*k + 200. Let z be s(41). What is d(z)?
0
Let k(c) = 55*c + 6084. Let r be k(-111). Let a(y) = -6*y - 122. Determine a(r).
4
Let x = 717 + -717. Let z(b) be the second derivative of 13*b + 1/2*b**2 + x + 1/3*b**3. Calculate z(-6).
-11
Let p(i) = -i**3 - 2*i**2 - i + 1. Suppose 3*t + 36 = -3*f - 0, -4*f + 2*t = 18. Let s = 7 + f. Let g = -3 - s. Give p(g).
13
Let u(l) = -4*l - 58. Suppose 0 = 2*j + 4*f + 42, -110*j - 42 = -107*j + 3*f. What is u(j)?
-30
Suppose -5*p + 4*a + 12 = 0, -40 = a + 4*a. Let u(n) = -30*n - 129. Calculate u(p).
-9
Let m(s) = 2*s**2 - 10*s - 10. Suppose 5*f = -5*h + 20, -4*f + 3*h - 16 + 46 = 0. Let u be m(f). Let p(q) = 0 + 3*q - 1 - 6*q - 1. Determine p(u).
-8
Let y(o) be the first derivative of 16*o - 97 + 1/3*o**3 + 13/2*o**2. What is y(-12)?
4
Suppose 3*a + 176 = -u + 147, 4*a + 50 = -2*u. Let p(f) = f**2 + 16*f - 1. Give p(u).
16
Let d(b) = -13*b**3 + 70*b**2 - 14*b - 175. Let q(r) = 21*r**3 - 105*r**2 + 22*r + 263. Let k(t) = 8*d(t) + 5*q(t). Give k(-35).
-15
Let r = 53 - 103. Let t = r - -50. Let a(c) = -c**3 - c**2 + c - 4. Let d be a(t). Let b(p) = -p - 3. Determine b(d).
1
Let n be 7 + -7 + 10 + -1. Let s(k) be the third derivative of -2*k**2 + 2/15*k**5 + 0 - 1/120*k**6 + 0*k + 7/24*k**4 + 13/6*k**3. What is s(n)?
-5
Let r be 324/((156/(-16))/(-13)). Let n = -434 + r. Let z(y) = -y**2 - y - 1. What is z(n)?
-3
Let j(a) be the second derivative of a**4/6 + 4*a**3 + 5*a**2 + 3*a - 167. Give j(-12).
10
Let z(q) = -13*q + 9. Let g be ((-20)/(-6) + -1)*((-14592)/(-266))/32. Give z(g).
-43
Let b(g) be the first derivative of 5*g**2/2 + g + 3. Suppose 0 = 43*c - 0*c - 258. Give b(c).
31
Let d(p) = -4*p**3 - 2*p**2 - 44*p - 44. Let x be d(-1). Let g(b) = 4*b**2 - 7*b - 4. Calculate g(x).
-2
Let w be (-58)/116 + 5/(-4)*(-14)/(-35). Let j(a) = 9*a + 13. Give j(w).
4
Suppose -2*y + 3*q = -26, -2*y + 4*y - 30 = 5*q. Suppose -2*h - y - 10 = 3*k, -3*k = 3*h + 27. Let s(w) = -w**2 - 4*w + 6. Give s(h).
-15
Let w(c) = c**2 + 17*c + 69. Suppose 5*r + 6 + 9 = 0, -2*r = -4*x - 18. Let o be w(x). Let y(h) = h**3 - 2*h**2 - h + 2. Give y(o).
8
Let r(x) be the first derivative of 1/2*x**2 - 7*x + 18. Determine r(13).
6
Let n = 298 + -169. Suppose 131*g = n*g + 14. Let d(i) = -i - 6. What is d(g)?
-13
Suppose 3*q = 3*m - 0*m - 15, -11 = 2*m + 5*q. Suppose 0 = -m*b - b - 0*b. Let t(c) = -c - c + b*c + 0*c. What is t(3)?
-6
Let x(u) = -4*u - 1. Let s be x(1). Let n be (-10)/(-95) - (-275)/95. Let l(f) = 40*f - 17*f - 22*f + 2 - n. Give l(s).
-6
Let y(r) be the second derivative of r**4/12 + 17*r**3/6 +